divide 31614825?
True
Is 7 a factor of 8319995?
False
Is 147 a factor of 150266343?
False
Is 4764 a factor of 1135742364?
True
Is 55 a factor of 343926275?
True
Is 246798135 a multiple of 15?
True
Is 30 a factor of 128594070?
True
Is 152 a factor of 228678281?
False
Is 1247 a factor of 63525921?
True
Does 88 divide 108547384?
True
Is 3744360 a multiple of 108?
True
Is 8409422 a multiple of 14?
True
Does 19 divide 6223108?
True
Does 12 divide 22141374?
False
Does 27 divide 114621939?
True
Is 542319431 a multiple of 516?
False
Does 9 divide 37455831?
True
Is 6 a factor of 2458878?
True
Does 623 divide 253456336?
True
Is 1308 a factor of 14226718?
False
Is 54 a factor of 1029060061?
False
Is 1716336107 a multiple of 23?
True
Does 23 divide 588219365?
True
Is 4 a factor of 16116605?
False
Does 694 divide 1338421960?
False
Does 1040 divide 88900240?
True
Is 36424540 a multiple of 135?
False
Is 62 a factor of 553441936?
False
Does 365 divide 427124460?
True
Is 670 a factor of 94048042?
False
Does 127 divide 714778606?
True
Does 36 divide 94937787?
False
Is 324842760 a multiple of 12?
True
Is 15929184 a multiple of 20?
False
Is 33270004 a multiple of 1894?
True
Is 3627095538 a multiple of 69?
True
Is 265311816 a multiple of 28?
True
Is 16 a factor of 31281505?
False
Is 1852 a factor of 2076692311?
False
Is 388989408 a multiple of 857?
False
Is 2660 a factor of 26746300?
True
Is 19 a factor of 4351730?
False
Does 2327 divide 1455426804?
True
Is 7854 a factor of 1617287826?
True
Is 878 a factor of 33585677?
False
Does 37 divide 3083617?
True
Is 1011 a factor of 419521534?
False
Is 18664254 a multiple of 42?
True
Is 5464922 a multiple of 1008?
False
Is 119998928 a multiple of 7?
True
Is 73039627 a multiple of 359?
True
Is 71706629 a multiple of 659?
False
Is 16050353 a multiple of 188?
False
Is 184 a factor of 72795940?
False
Does 79 divide 21945713?
False
Does 36 divide 169039692?
True
Does 17 divide 805829530?
False
Is 1011 a factor of 19627554?
True
Does 203 divide 427758554?
False
Does 17 divide 10089823?
True
Is 48999863 a multiple of 128?
False
Does 7 divide 14215666?
False
Is 173455176 a multiple of 1626?
True
Is 120 a factor of 260692527?
False
Does 41 divide 1185575?
False
Does 314 divide 40857366?
True
Is 128 a factor of 181783978?
False
Does 17 divide 75897892?
False
Is 312324890 a multiple of 830?
False
Is 110 a factor of 162495324?
False
Does 47 divide 187072361?
True
Does 244 divide 21774286?
False
Is 810527604 a multiple of 154?
False
Is 362 a factor of 770367494?
True
Does 1599 divide 357381297?
True
Is 228755759 a multiple of 18?
False
Is 3408929736 a multiple of 28?
False
Is 155740189 a multiple of 488?
False
Is 40847790 a multiple of 23?
False
Does 8467 divide 358636719?
True
Does 18 divide 183039130?
False
Does 3841 divide 518341332?
False
Is 1350 a factor of 98841796?
False
Does 394 divide 18114227?
False
Is 1855216 a multiple of 72?
False
Does 3083 divide 366798405?
False
Is 42 a factor of 716720995?
False
Is 7222992 a multiple of 56?
True
Does 619 divide 412448086?
False
Is 495508218 a multiple of 72?
False
Is 844898523 a multiple of 343?
True
Is 19721091 a multiple of 3?
True
Is 16 a factor of 11079060?
False
Is 113 a factor of 1262354441?
False
Is 178627557 a multiple of 4144?
False
Is 310 a factor of 396792870?
True
Is 39732028 a multiple of 10?
False
Is 390406562 a multiple of 1051?
True
Does 8 divide 471031213?
False
Does 3782 divide 43844726?
True
Is 353 a factor of 2463841160?
True
Is 217095758 a multiple of 253?
True
Does 7 divide 42654083?
False
Does 18 divide 238506?
False
Does 123 divide 21913926?
True
Does 175 divide 130554550?
True
Does 2248 divide 144679032?
True
Does 25 divide 5499950?
True
Is 134 a factor of 3214130?
False
Does 237 divide 1347498251?
False
Is 196001040 a multiple of 60?
True
Is 64 a factor of 1677220536?
False
Does 30 divide 26304900?
True
Is 2327439990 a multiple of 15?
True
Does 139 divide 91402860?
False
Is 66 a factor of 300391542?
True
Does 17 divide 29133067?
False
Does 256 divide 393640704?
True
Is 2389863067 a multiple of 31?
True
Is 942977511 a multiple of 707?
True
Does 3 divide 594172580?
False
Does 13 divide 825865285?
False
Does 711 divide 611888835?
False
Does 38 divide 37824858?
True
Does 553 divide 582219648?
False
Does 7 divide 1357356049?
True
Does 601 divide 6737233?
False
Does 10 divide 58081850?
True
Does 90 divide 1849300302?
False
Is 1244604931 a multiple of 8777?
True
Is 5 a factor of 69242929?
False
Is 61 a factor of 20378514?
True
Does 10 divide 43313300?
True
Is 1725685564 a multiple of 19?
True
Is 153 a factor of 48365289?
True
Is 155 a factor of 31157945?
True
Is 244 a factor of 24875068?
True
Is 2088 a factor of 280257327?
False
Is 7550 a factor of 2368310884?
False
Is 927042914 a multiple of 14?
True
Is 11 a factor of 94827759?
False
Is 4521 a factor of 594208593?
True
Is 1098 a factor of 262613052?
True
Is 348 a factor of 37183738?
False
Does 208 divide 235726361?
False
Is 2939 a factor of 501292695?
False
Does 397 divide 366933068?
False
Does 10 divide 42566838?
False
Does 3 divide 12027825?
True
Does 3181 divide 1478709960?
False
Does 807 divide 1842552999?
False
Is 1877003840 a multiple of 4?
True
Is 23962163 a multiple of 23?
False
Is 1727 a factor of 65895412?
True
Does 448 divide 156964191?
False
Does 45 divide 11597067?
False
Is 505266197 a multiple of 27?
False
Is 606488802 a multiple of 498?
True
Is 14 a factor of 3165235477?
False
Is 22656164 a multiple of 124?
True
Does 634 divide 18856428?
True
Is 5205612239 a multiple of 14?
False
Is 4823 a factor of 959391160?
True
Does 1457 divide 238684283?
True
Does 1282 divide 123239915?
False
Does 254 divide 1057674034?
True
Is 2 a factor of 4621227?
False
Is 579265350 a multiple of 23?
True
Is 269 a factor of 167065972?
False
Is 45 a factor of 767301812?
False
Is 29594880 a multiple of 576?
True
Is 8 a factor of 1200368216?
True
Is 247 a factor of 249629315?
True
Is 23 a factor of 191988038?
True
Is 88 a factor of 40521888?
True
Does 609 divide 10709874?
True
Does 4717 divide 628068550?
True
Does 64 divide 314224640?
True
Is 2365333203 a multiple of 18?
False
Does 3 divide 3688458?
True
Does 4383 divide 235459143?
True
Is 5636 a factor of 177250817?
False
Does 837 divide 2738205462?
False
Is 642403872 a multiple of 2376?
True
Is 62 a factor of 578381260?
True
Is 43 a factor of 1207790012?
False
Is 178925121 a multiple of 17?
False
Is 223 a factor of 471834996?
True
Is 96224692 a multiple of 116?
False
Is 455584336 a multiple of 11?
False
Does 25 divide 112050875?
True
Is 41234732 a multiple of 4?
True
Is 285 a factor of 602515101?
False
Is 1151563623 a multiple of 293?
False
Is 45 a factor of 1046486?
False
Does 196 divide 11840710?
False
Is 1154779571 a multiple of 219?
False
Does 22 divide 204627432?
False
Is 7 a factor of 1637245813?
True
Is 74 a factor of 18438580?
True
Does 96 divide 264630989?
False
Is 1747 a factor of 111385516?
False
Does 2699 divide 21710756?
True
Is 944639850 a multiple of 714?
True
Is 75 a factor of 3621900?
True
Does 44 divide 37470576?
True
Is 32117917 a multiple of 31?
False
Does 53 divide 84835510?
True
Does 17 divide 10957214?
True
Does 222 divide 324648582?
True
Is 13 a factor of 12098439?
False
Is 1452 a factor of 741654752?
False
Is 34 a factor of 226744606?
True
Is 3051 a factor of 14513607?
True
Is 7 a factor of 7099225?
True
Is 81652720 a multiple of 25?
False
Does 9 divide 5549850?
True
Does 119 divide 903091?
True
Is 251 a factor of 83351327?
True
Does 7193 divide 379593915?
False
Is 396 a factor of 9081864?
True
Is 171730809 a multiple of 423?
True
Is 72181316 a multiple of 68?
False
Is 25 a factor of 14613075?
True
Is 340460590 a multiple of 1814?
True
Is 35 a factor of 458168620?
True
Is 37 a factor of 93582509?
True
Is 71846210 a multiple of 2307?
False
Does 42 divide 127588902?
True
Does 1002 divide 2789592518?
False
Does 462 divide 36789302?
False
Does 1971 divide 78645754?
False
Is 15925927 a multiple of 19?
False
Is 10285949 a multiple of 3?
False
Is 359652231 a multiple of 23?
False
Is 53478680 a multiple of 43?
False
Is 111404538 a multiple of 98?
True
Is 64 a factor of 119733245?
False
Does 1754 divide 86929994?
True
Is 129 a factor of 651856221?
True
Is 553